j**2. Let p = -26 - -17. Let x be p/(0 + -3) + 4. Give t(x).
-1
Let b(n) be the second derivative of -9*n + 0*n**2 + 0 - 1/2*n**3. Give b(2).
-6
Let d(c) = -4*c + 14. Suppose -33*r - 7*r = -160. What is d(r)?
-2
Let f(b) = -5*b + 2. Let g be f(1). Let o(c) be the third derivative of -4*c**2 + 1/8*c**4 + 0 - 1/120*c**6 + 1/2*c**3 + 0*c - 1/20*c**5. Calculate o(g).
-6
Let q(a) = -a**3 + 18*a**2 + 16*a + 57. Let u be q(19). Let z(p) = p**2 - 20. What is z(u)?
-20
Let r be 1 - ((-2)/13 + (-3828)/(-377)). Let l(t) = 4*t + 13. What is l(r)?
-23
Let i(c) = -c**2 - c + 1. Let n be i(-2). Let g(m) = -2*m - 5. Let u(l) = -9*l - 30. Let x(a) = -6*g(a) + u(a). What is x(n)?
-3
Let r(s) = -6*s**2 - 2*s - 1. Let a(f) = -f + 13. Let k be a(12). Let x be (1/2)/(k/(-26)). Let n = x - -12. What is r(n)?
-5
Let j(s) = s**2 + 3*s - 6. Let t(h) be the second derivative of -h**5/20 - h**4/3 - h**3/6 - 4*h. Let n be t(-3). Calculate j(n).
12
Suppose -8 = -6*i + 10*i, -2*p + 4*i + 18 = 0. Let t(h) = 0 - 6*h + 10 + 5*h. Determine t(p).
5
Let d(k) be the first derivative of 0*k**3 + 1/4*k**4 - 1/2*k**2 - 52 + 3*k. Let s = 0 + 0. Determine d(s).
3
Suppose 4*y = -s - 9, 2*s + 4*y + 6 = -0. Let d(f) = f**3 - 2*f**2 - 3*f + 6. Let v be d(s). Let w be v/10 - 15/25. Let h(z) = -z**3 + z**2 - 1. Calculate h(w).
-1
Suppose -6*a - 12 = -3*a. Let b(y) be the second derivative of y**4/12 + y**3/6 + 9*y + 2. What is b(a)?
12
Suppose -12 = -2*p - 3*l, 5*p + 4*l - 29 = -6. Let h(a) = -2*a**2 - 2 + 4*a**3 - 2*a + p*a**3 + 5*a - 5*a**3. Let m = 6 - 4. Calculate h(m).
12
Let k(n) = -n**2 - 5*n + 5. Let h(m) = -3*m**2 - 14*m + 14. Let g(i) = 3*h(i) - 8*k(i). Let l(u) = -u**2 - 4*u + 137. Let f be l(10). Calculate g(f).
-1
Let y(r) = 75 + 3*r - 162 + 77. Calculate y(2).
-4
Let s(w) = -7*w**2 + 2*w + 987 - 491 - 2*w**3 - 501. Calculate s(-4).
3
Let t(z) = z - 2. Let h be (-10)/3 + 7/(63/(-6)). Determine t(h).
-6
Suppose 3*i = -3*z + 3, 5*i + z + 2 + 1 = 0. Let w(l) = 16*l**3 + 2*l**2 + 2*l + 1. Determine w(i).
-15
Suppose 4*s - 2*b = 0, 7*s + 5*b = 3*s - 28. Let g(m) be the first derivative of 3/2*m**2 + 2*m + 5. Calculate g(s).
-4
Let g(n) = -n**3 - 5*n**2 - 4*n - 6. Let q be 0/2*(-2)/(-6). Suppose -4*h - 3*v - 8 = q, 2*h - 2*v + 7*v = -4. Let a be ((-5)/h)/(2/(-4)). What is g(a)?
14
Let q(j) = j**3 - j**2 - 41*j + 7. Let c be q(-6). Let w(i) be the third derivative of 5*i**4/24 + i**3/6 + 2*i**2. Calculate w(c).
6
Let b = -463 + 465. Let x(l) = -l**3 + 3*l**2 - l + 1. What is x(b)?
3
Suppose a - 3 - 29 = 0. Suppose -3*r - 37 = -3*c - 13, 0 = -3*c + 5*r + a. Let m(k) = -k + 2. What is m(c)?
-2
Suppose -3*t - 13 = -5*q, -33 = -t + 6*t + 3*q. Let p(h) = -h**2 + 7*h - 4. Let x be p(6). Let w(v) = 0*v - v**x - 2*v - 8 - 4*v. Give w(t).
-8
Let c be ((-12)/21)/4 + (-4080)/56. Let n = 74 + c. Let a(v) = -v + 1. What is a(n)?
0
Let x(m) = 5*m - 15. Let i(d) = 3*d - 10. Let g(t) = 8*i(t) - 5*x(t). Let c(r) = -r - 4. Let n(a) = 3*c(a) - 2*g(a). Calculate n(-3).
1
Let c be 6/4 + 35/10. Let h(q) = -q**3 - 2*q**2 + 2. Let t be h(-2). Let k(d) = -13*d - d**t + 26*d - 8*d. Calculate k(c).
0
Let b(n) = 5*n - 4. Let m(c) = -16*c + 12. Let s(q) = 10*b(q) + 3*m(q). Let z be s(3). Let p(y) = y**2 - 1 - z + 5*y + 0. Give p(-4).
-7
Let l = -7 - -5. Let z be ((-1)/(-2))/(l/12). Let i(v) = -6*v**2 - 4*v**2 + 11*v**2 + 4*v. Determine i(z).
-3
Let b(o) = 4*o**2 + 12*o + 8. Let c(z) = z**2 + 2*z + 2. Let q(g) = -2*b(g) + 11*c(g). Calculate q(0).
6
Let t be 3 + 14 + (-1 - 1). Let p(i) = -i**2 + 15*i. Let n be p(t). Let w(l) = -4*l + 2*l + 4 + n. Determine w(5).
-6
Suppose 2*s + 50 = 2*g, 4*s = 2*g - 46 - 48. Let u(k) = -2*k - 34. Give u(s).
10
Let d = 53 + -39. Let a(k) = -54*k + 22*k - 9 + d*k + 20*k. Calculate a(6).
3
Let x(f) = 5*f + 3. Let i = -42 - -24. Let g be ((-12)/i)/((-2)/42). Let h = g + 12. What is x(h)?
-7
Let z(k) = -7*k + k**3 + 5*k + 2 - 4*k**2 - 2*k**3. Suppose -24*q = -19*q - 20. Let s be (-12)/q*(-1 - -2). Give z(s).
-1
Let q(l) = -5*l + 12. Suppose 0*r - 12 = 3*g - 2*r, 2*r = 4*g + 16. Let z(n) = -9*n + 23. Let f(c) = g*z(c) + 7*q(c). Give f(4).
-4
Let k = 5032 + -5023. Let z(t) = -1 - 1 + t + 3. What is z(k)?
10
Let a(q) = -q**3 - 3*q**2 + 4*q + 6. Let k be a(-4). Let x(l) be the third derivative of l**5/60 - 7*l**4/24 - 46*l**2. Give x(k).
-6
Let f be (-64)/(-11) - 44/(-242). Let t(a) = -10*a - 8. What is t(f)?
-68
Let o(s) = s. Let n be (-7)/(-21) + (-186)/(-9). Let q be (15/45)/(1/n*-1). What is o(q)?
-7
Let g(h) = -12*h + 1 - 9*h + 23*h + 0 + 2. Determine g(4).
11
Let h(d) = d**3 - d + 2. Let p(q) = -q + 19 - q - 3*q + 8*q. Let s be p(-7). Calculate h(s).
-4
Let c(t) = -2*t**2 - 10*t - 3. Let a be 12*((-13)/3 + (-12)/(-3)). Calculate c(a).
5
Let q(c) = -c**2 + 3*c - 2. Suppose -7*o + 117 = 26. Let v = o + -11. What is q(v)?
0
Let d(j) be the third derivative of j**5/120 + 7*j**4/12 + 7*j**3/6 - 14*j**2. Let t(f) be the first derivative of d(f). What is t(-7)?
7
Suppose -16 - 34 = -10*v. Let b(x) = -2*x + 6. Let h(t) = -t. Let f(j) = 11. Let q(w) = f(w) + 4*h(w). Let o(p) = 5*b(p) - 3*q(p). Determine o(v).
7
Suppose 0 = 3*y - 5*y. Let p(u) = 0*u - 5*u - 5 + y*u**2 + u**2 + 3. What is p(6)?
4
Let l(v) = 4*v**2 + 23*v + 52. Let i(b) = b**2 - b. Let m(j) = -3*i(j) + l(j). Calculate m(-24).
4
Let f(h) = 7*h - 53. Let i be f(8). Let w(u) be the third derivative of -1/10*u**5 + 0*u - 1/3*u**4 - 7/6*u**i - 1/120*u**6 - 3*u**2 + 0. What is w(-5)?
8
Let n be (-2)/(-4)*-2 + -1. Let x(l) = l - 5. Let j be x(8). Let c(p) = -2*p**2 + 5*p**2 - 5*p**2 - j*p. Determine c(n).
-2
Let d(n) = n**2 + 5*n - 1. Let v be d(-8). Let h(b) = -25*b + 44*b - v*b + 1. Determine h(-1).
5
Let j(q) = 10*q + 4. Let b(f) = f**3 - 22*f**2 + 22*f - 23. Let z be b(21). Determine j(z).
-16
Suppose 0*o + 8 = o. Suppose 0 = -d + 5*d, -h = 4*d + o. Let x = -12 - h. Let i(y) = -y**3 - 3*y**2 + 4*y + 5. Calculate i(x).
5
Let s(h) = -5*h**2 - 7*h**2 + 13*h**2 - 7 + 3. Let y be (-1)/(1/(-3)*-1). Calculate s(y).
5
Suppose -88 = -2*z - 2*z. Let x = z - 30. Let l(v) = v**3 + 9*v**2 + 5*v - 11. Calculate l(x).
13
Let k(l) = l**3 - l**2 + l - 2. Let d(u) = 2*u**3 + u**2 - 2*u - 3. Let g(b) = d(b) - 3*k(b). What is g(3)?
-3
Let z(q) = 7 + 5*q**2 - q**2 + 2*q - 2*q**3 + q**3. Let u = 84 + -45. Suppose 5*d - 35 = -2*b, -4*b - 4*d + u = -1. Calculate z(b).
-8
Let b(h) = -3*h**2 - 20*h + 8. Let z be b(-7). Let i(k) = 25*k**3 - 2*k**2 + k. Calculate i(z).
24
Let r(z) be the second derivative of z**5/20 - 7*z**4/12 - 272*z. Determine r(7).
0
Let x(z) = 35477*z + 0 - 2 - 35481*z. Let l(d) = -d**3 - 6*d**2 + 5*d - 9. Let u be l(-7). Suppose 2*b = s + 1, 0 = 2*s + u*b + 11 - 0. Calculate x(s).
10
Let g = -965 + 968. Let s(w) = w**2 - 2*w - 5. Determine s(g).
-2
Let m(g) = -2*g**2 + 5*g - 2. Suppose -y - 3*n = 8, -36 = -5*y - 0*n + 4*n. Calculate m(y).
-14
Suppose 85 - 121 = -6*x. Let s(z) = z**3 - 6*z**2 + z - 6. What is s(x)?
0
Suppose 113*j - 563 = 2. Let u(i) = i**2 - 7*i + 9. Give u(j).
-1
Let m(w) = -10 - 2 - 11 - w**2 - 6*w + 21. Determine m(-5).
3
Let i(w) be the first derivative of 5/2*w**2 + 7 + w. Give i(-1).
-4
Let n(t) be the third derivative of t**5/30 + 2*t**4/3 - 41*t**3/6 - 147*t**2 - 2. Determine n(-10).
-1
Suppose -x = -5*x + 8. Suppose x*c + 4 = -4. Let o(f) = -2*f**2 + 4*f + 1. Let s(h) = -5*h**2 + 11*h + 2. Let q(g) = 8*o(g) - 3*s(g). Calculate q(c).
-10
Let f be ((-18)/(-8))/(-10 - (-43)/4). Let s(i) be the third derivative of 0*i + 2/3*i**f - 4*i**2 + 1/4*i**4 - 1/60*i**5 + 0. Determine s(3).
13
Let u(z) = -3*z + 12. Let d(w) = -2*w + 18. Let b(n) = -2*d(n) + 3*u(n). Give b(-6).
30
Let c = 383 + -383. Let j(r) = -r**3 - r**2 - r - 4. Calculate j(c).
-4
Suppose -65*q + 40 = -61*q. Let j(f) = -f**3 + 10*f**2 + 2*f - 24. Let x be j(q). Let o(s) = s**2 + 4*s + 6. What is o(x)?
6
Suppose -5 - 3 = -2*i - 2*j, -i = -5*j - 34. Let g(a) = a - 10. Let l be g(i). Let q(o) = -7*o + 1. Calculate q(l).
8
Let b(a) = a**2 - 4*a - 7. Let y be b(5). Let q(k) = -4*k**3 - 5*k**2 - 9*k - 4. Let o(p) = 2*p**3 + 3*p**2 + 5*p + 2. Let n(d) = -5*o(d) - 3*q(d). Give n(y).
-18
Let m(t) = -2*t. Let p(c) = c**2 + 17*c + 18. Let o be p(-16). Suppose -5*n + 22 = -2*s, o*s = -5*n - 0*n - 2. Give m(s).
12
Let n(i) = -i**2 - i - 1. Let z(h) = h**3 - 6*h**2